1*g**2 + 45*g**2 + 2*g**2 - 3 + 2 - 2*g. Let z be d(1). What is the greatest common factor of z and 22?
11
Let g be -8 - -9 - -5*1. Let b be (0 - -2)/(g/81). Suppose 2*t = 5*a - 3*t - 5, 3*a - b = -3*t. Calculate the greatest common factor of 5 and a.
5
Let t(f) = 17*f + 33. Let r be t(3). Calculate the greatest common divisor of 70 and r.
14
Let f be 32/10 - (-2)/(-10). Let v be 39 + 16 - (1 + f). Let q = -36 + v. What is the highest common factor of q and 105?
15
Let h(j) = j**2 - 6*j - 5. Let w be h(7). What is the greatest common divisor of 4 and w?
2
Suppose -b - 4*t + 3 = -1, 4*t + 36 = 4*b. Let j be ((12*1)/3)/((-7)/(-35)). What is the highest common divisor of b and j?
4
Let x = 9 - -40. Suppose 0 = 5*n - 41 + 6. What is the greatest common factor of n and x?
7
Let u be -9*5/(-2 + -3). What is the highest common divisor of 3 and u?
3
Let w(u) = -u**2 + u - 16. Let p be w(8). Let r = p - -77. Calculate the highest common divisor of r and 5.
5
Let b be (126/(-45))/(2/(-5)). Let g(u) = -u**2 + 19*u - 9. Let p be g(b). Calculate the greatest common divisor of p and 30.
15
Suppose -19*f + 124 = -17*f. Suppose -2*h + 0*h = -4*q + 16, -f = 4*h + 2*q. Let x be -30*h*(-2)/(-10). Calculate the highest common divisor of 12 and x.
12
Let h = 233 - 166. Let x = 13 - 61. Let w = h + x. What is the greatest common factor of 152 and w?
19
Suppose 2 = 86*k - 84*k. What is the greatest common factor of 6 and k?
1
Let m(k) be the third derivative of k**4/12 + 5*k**3/6 + 6*k**2. Let x be m(-4). Let d = 19 + x. What is the highest common factor of 40 and d?
8
Let g be 12*(2 - 145)/(-11). Calculate the greatest common divisor of 180 and g.
12
Let u be ((-6)/(-9))/(1/3). Let g be (u - 68)/(3/(-2)). Calculate the greatest common factor of 4 and g.
4
Let l be 12/(-28) - (-34)/14. Let u be ((-1)/l)/((-4)/(-8)). Let j(x) = -10*x**3 - 1. Let w be j(u). Calculate the highest common divisor of 36 and w.
9
Let f = 21 - 19. Suppose 0*n = -f*n + 18. Suppose n*u - 4*u = 40. Calculate the highest common factor of 2 and u.
2
Suppose 4*b = 16 + 4. Suppose 2*d = 2*g - 5*g + 15, 0 = -b*d. Let v = -7 + 12. What is the greatest common divisor of g and v?
5
Let r = -234 - -937. Calculate the greatest common factor of 37 and r.
37
Suppose 0 = 25*t - 27*t + 56. Let u = t - -1. What is the highest common divisor of 87 and u?
29
Let v = -12 + 21. Suppose v = 7*o - 54. What is the greatest common divisor of 36 and o?
9
Suppose 0 = x - 5*x + 156. Suppose -2*u = -7*u + 65. Calculate the greatest common divisor of u and x.
13
Suppose 7*q - 102 = 2*m, -22*q = -20*q - 2*m - 32. Calculate the highest common divisor of 63 and q.
7
Suppose -2*u - 2*u = -3*t - 8, 0 = 2*t. Suppose -u*r + 5*r + 37 = a, a - 32 = -2*r. What is the highest common divisor of 170 and a?
34
Let u be 348/9 + 1 + (-8)/12. Calculate the greatest common divisor of 546 and u.
39
Suppose 0 = z + 5*i - 24, -7*z + 5*i + 21 = -3*z. Suppose 0 = 3*s - 9 - z. Let p = s - 2. Calculate the greatest common factor of 16 and p.
4
Let h(g) = 71*g - 138*g - g**3 + 9*g**2 + 61*g - 12. Let k be h(8). Calculate the highest common divisor of 16 and k.
4
Suppose 3*t = 5*t - 2, 4*p + t - 41 = 0. Let i = 6785 + -6775. Calculate the greatest common factor of i and p.
10
Suppose 0 = -3*f + 12*c - 17*c + 1536, 2560 = 5*f + 4*c. What is the greatest common factor of f and 8?
8
Let q = -27 - -5. Let m = q + 33. Suppose 1110*s - 1133*s = -253. Calculate the highest common factor of m and s.
11
Let v be (-9)/24 + (459/(-24))/(-3). Calculate the greatest common divisor of 138 and v.
6
Suppose 0 = 4*b - 0*b - 80. Suppose -39 = -2*u - 3*k, 3*u - 5*k = b - 9. Calculate the highest common factor of 24 and u.
12
Suppose 32*b = 60*b + 39*b - 6633. Let m(n) = -n**3 - 5*n**2 - 2*n + 1. Let d be m(-5). What is the highest common factor of d and b?
11
Let o(z) = z**2 - 13*z + 15. Let i be o(12). Let r = -10 + 25. Calculate the highest common factor of r and i.
3
Suppose 3*j - s - 21 = 85, 0 = -5*j + 4*s + 172. What is the greatest common factor of 54 and j?
18
Suppose 2*c + 5*f = 88, 5*c + 7*f = 2*f + 190. Let o = 294 + -192. What is the greatest common divisor of o and c?
34
Let o = -4 - -9. Suppose 5*d - 2*a = 14, -o*a - 2 = -5*d + 18. What is the highest common factor of 2 and d?
2
Suppose -8*o + 15 = -3*o. Suppose 6*n - 243 = 135. What is the greatest common divisor of o and n?
3
Let o = -2864 - -3026. What is the greatest common factor of o and 1242?
54
Let t = 68 + -62. Let z(w) = -2*w + 30. Let u be z(t). What is the highest common factor of 18 and u?
18
Suppose 4*r + q = 6*r - 27, 0 = 4*r + 3*q - 29. Let t = 45 - -109. Calculate the greatest common divisor of r and t.
11
Suppose 0 = 2*v + 1029 - 249. Let x = -225 - v. What is the greatest common divisor of 15 and x?
15
Let d be ((-5)/4)/(37/(-740)). What is the highest common factor of d and 5?
5
Suppose 0 = -23*d + 26*d - 180. What is the highest common factor of d and 915?
15
Let s be 4/(-6) - 8/(-12). Suppose u = -5*f - 17, s = -5*f - 14 - 6. What is the greatest common factor of u and 12?
3
Suppose -23*j = 5*b - 20*j - 4215, 0 = 4*b - 8*j - 3320. What is the greatest common divisor of b and 42?
42
Suppose -5*g = -28 - 122. Suppose -4*f + 2*q = -16, 3*q - g = -3*f - 9. What is the highest common divisor of 35 and f?
5
Suppose 12*d - d - 77 = 0. Let u be (-4)/(-7)*d/2. What is the highest common divisor of u and 8?
2
Suppose 2*d + 105 = 7*d. Let r be 1 + 4/(4/3). Suppose r*i - i = 42. Calculate the greatest common factor of i and d.
7
Let b be -4*(-1064)/(-48)*18/(-4). What is the greatest common divisor of b and 342?
57
Let o be 3*(-4 - (-28)/6) + 141. Calculate the highest common divisor of 26 and o.
13
Let g be -1*(-6 - (104 + 5)). What is the greatest common divisor of 276 and g?
23
Suppose 4*m = -m + 200. Let d = m + -44. Let w = d - -6. What is the greatest common divisor of 5 and w?
1
Let q be 1/(9/(-12))*(-15)/10. Suppose 3*y - 234 = -3*u, 4*u - 75 = 3*u + q*y. Calculate the greatest common factor of u and 22.
11
Suppose 0 = -m + 3*q - q - 155, -3*m + 5*q - 464 = 0. Let r = m - -219. Calculate the greatest common divisor of 44 and r.
22
Let c = 99 + -43. Let t(f) = -4*f - 18 + 8*f + 10*f + f**2. Let b be t(-16). What is the greatest common divisor of c and b?
14
Let c = 2246 + -2211. Let s = 23 + -13. Calculate the greatest common factor of s and c.
5
Let m = 610 + -436. What is the highest common divisor of m and 58?
58
Suppose -259*p - 960 = -269*p. What is the highest common divisor of p and 276?
12
Let p = -402 - -1497. Calculate the highest common divisor of 15 and p.
15
Let y = -1207 + 1291. Suppose -2*f + 0*f - 34 = -5*n, -4*f + 12 = 0. Let b(p) = 3*p - 3. Let t be b(n). Calculate the highest common factor of y and t.
21
Let u be (1 - 0) + 1 + 1. Let i(o) = 14*o + 13. Let j be i(5). Let a = 101 - j. What is the greatest common divisor of u and a?
3
Let w be 16/28*(5 - 15/10). Suppose -2*m + 18 = -m. Suppose -6 - m = -3*r. Calculate the greatest common factor of r and w.
2
Let h(r) = 10*r**2 + 5*r - 7. Let m be h(3). Let z = m - 66. Calculate the highest common divisor of 48 and z.
16
Suppose -2*p - 5*h = -235, 0 = 4*p - 7*p + 5*h + 290. Calculate the highest common factor of 30 and p.
15
Let b = 10 - 4. Suppose -59 = -11*a - 4. Suppose 0 = -a*i - 4*s + 240 + 30, 2*i - s = 108. Calculate the greatest common divisor of i and b.
6
Let g be (-2 - 6) + 50 + -29. Calculate the highest common factor of 2041 and g.
13
Suppose 0 = w + w - 10. Suppose -3 - 12 = -w*x. Suppose 5*c - x*c = 56. Calculate the highest common factor of c and 70.
14
Let t = -28 + 41. Suppose -2*o - 2*w = -34, 0 = 2*w - 6*w + 4. Let d be 412/o - (-1)/4. Calculate the greatest common divisor of d and t.
13
Let l be ((-102)/(-3))/((39/12)/13). What is the highest common divisor of 8 and l?
8
Suppose -5 = -2*w + 15. Suppose 0 = f - 3*z, -f + z + 0*z = -w. Calculate the highest common factor of f and 75.
15
Let t(h) = h**3 - 6*h**2 + 14*h - 62. Let v be t(6). Calculate the highest common divisor of v and 4.
2
Let x = 248 + -212. What is the highest common divisor of 12 and x?
12
Suppose 3*z = -54*z + 342. What is the highest common factor of 114 and z?
6
Suppose -n + 467*q + 141 = 466*q, -2*n = -5*q - 291. What is the